- 406. Calculate the remainder when g is divided by 45.
42
Let y(m) = 4 - 13*m**2 - 3*m + 33*m**2 - 21*m**2. Let h = 104 - 86. What is the remainder when h is divided by y(0)?
2
Calculate the remainder when 108 is divided by (-7 + 390/90)/((-2)/3).
0
Let l be (13/(-2) - -4)*42/(-35). Suppose -5*r - 9 = -8*r, 121 = 4*k + l*r. Let a(x) = -x**2 - 11*x - 11. Calculate the remainder when k is divided by a(-8).
2
Suppose -3*v - 4*y + 69 = 0, y - 10 - 59 = -3*v. Let i(n) = 9*n**2 - 3*n - 19 - 50*n**3 + v*n**3 + 28*n**3. What is the remainder when i(-8) is divided by 14?
13
Let n(p) = 2*p**2 + 6*p + 17. What is the remainder when n(-5) is divided by -33*((-1)/3 - 0)?
4
Let c = -840 + 475. Let h = -261 - c. Let z(u) = 2*u**2 - 4*u - 3. What is the remainder when h is divided by z(5)?
23
Let o = 7454 + -7436. Calculate the remainder when 4767 is divided by o.
15
Let q(n) = -31*n + 324. Let c be -2*(7 - 14)/(8/4). What is the remainder when q(c) is divided by 14?
9
Suppose -74*h + 54*h + 1480 = 0. What is the remainder when 153 is divided by 7 + -2 - (0/4 - h)?
74
Suppose -6*r + 7 = -11. Suppose y = 5*n - 493, 0*n = 2*n + r*y - 204. What is the remainder when n is divided by 13?
8
Suppose 69*a - 46 = 713. Calculate the remainder when 2559 is divided by a.
7
Let x = 4 + -6. Let s = 19 + x. Let b(z) = 64*z**2 - 182*z + 1. Calculate the remainder when b(3) is divided by s.
14
Let o(p) = p**3 - 10*p**2 + 7*p - 30. Let w be (-3 - -2)/(18/(-198)). What is the remainder when o(w) is divided by 25?
18
Let h(q) = -3*q**3 - q. What is the remainder when h(-2) is divided by (3 + 52/(-8))/(5/(-10))?
5
Let v = 144 - 42. Let p = -918 + 922. What is the remainder when v is divided by p*351/9*2/12?
24
Let o(v) = 3*v**3 - 30*v**2 + 71*v + 23. What is the remainder when 4610 is divided by o(9)?
1
Suppose 4*u = 3*x - 440 + 409, -2*x = -2*u - 22. What is the remainder when 8864 is divided by x?
11
Calculate the remainder when 654 is divided by (((-17)/51 - 1768/(-12)) + 4)*1.
50
Let w(j) = -j**3 + j + 148. Suppose -2362*a = -2346*a - 352. What is the remainder when w(0) is divided by a?
16
Suppose -8*o + 3*k - 7 = -4*o, -1 = 5*o + 4*k. What is the remainder when (o + (-106)/6)*81/(-54) is divided by 15?
13
Let l = 307 - 516. Let p = l - -224. What is the remainder when 192 is divided by p?
12
Let i(s) = s**3 + 45*s**2 - 44*s + 98. Let m be i(-46). Let x be -1 + (1*-9)/(-1). Suppose 2*a = m*a - x. What is the remainder when 8 is divided by a?
0
Suppose -40*z = -33*z - 924. Suppose 4*w + 16 = 0, -3*w = -5*u - 20 + z. What is the remainder when u is divided by (-13 - (-2 + 3))/(-2)?
6
What is the remainder when 431 is divided by ((-2)/12)/(11/33*2/(-124))?
28
Let i = 36 + -36. Suppose i = 4*f - 5*f + 22. Suppose -6*t - 18 = -90. Calculate the remainder when f is divided by t.
10
What is the remainder when 1185 - (-1 + 4)*(-17)/(-17) is divided by 44?
38
Let b(w) = -293*w + 918. Let i = 101 + -34. What is the remainder when i is divided by b(3)?
28
Let w(l) be the second derivative of 5*l**4/6 + 11*l**3/6 + 2*l**2 - 2*l - 14. Calculate the remainder when w(-4) is divided by 21.
15
Suppose -3*c - z + 101 = 0, 3*z - 129 + 30 = -3*c. Suppose 4*o - 5*x = -8*x + 265, 3*o - 235 = 5*x. Calculate the remainder when o is divided by c.
2
Suppose -14*o - 14*o - 8568 = 0. Let t = -280 - o. Calculate the remainder when 99 is divided by t.
21
Let b(y) = y**3 + 15*y**2 + 37*y + 159. Calculate the remainder when b(-4) is divided by 18/2 + (3 - 2).
7
Let m = 330 + -353. Let j = 37 + m. Calculate the remainder when 223 is divided by j.
13
Suppose -8000 = 88*j - 104*j. Calculate the remainder when j is divided by 4.
0
Let c(u) = u**3 + 4*u**2 - 7*u - 25. Let i be c(-4). Let f(d) = 3*d + 5. Let b be f(-9). Calculate the remainder when 83 is divided by (b/i)/((-3)/9).
17
Suppose -4*y + 486 = -2*p, -5*y + y = -3*p - 727. Let t = -91 - p. What is the remainder when t is divided by 39?
33
Calculate the remainder when 446 is divided by 26 + 58/(-10) + -12 + (-1062)/(-90).
6
Suppose m = -h + 10, -3*m - 5*h + 44 = m. Suppose 3*x = 5*a - 337, -10*a + 3*x = -m*a - 272. What is the remainder when a is divided by 6?
5
Let n be (-277)/(-1) + 0 - -3. Suppose -8*g + g - n = 0. What is the remainder when (1590/g)/(3/(-4)) is divided by 14?
11
Let p(z) = 2*z**2 - 8*z - 23. Let o be p(-4). Suppose o*f = 1579 + 1701. Let h = 60 - 39. Calculate the remainder when f is divided by h.
17
Let x = -135 - -141. What is the remainder when 83 is divided by ((-6)/(-15) - x/15) + 6?
5
Let t(l) = 458*l - 2. Let n be t(2). Suppose 251 = 3*p + n. Let y = -108 - p. Calculate the remainder when y is divided by 19.
18
Suppose -345*i = -337*i - 352. Calculate the remainder when (10*77/i)/(1/2) is divided by 12.
11
Suppose 30*g = 23*g - 1344. Let t = -114 - g. What is the remainder when t is divided by 12?
6
Let p(y) = y**2 + 15*y - 118. Let i be p(6). Suppose 4*u - i = 0, 0 = -4*w + 4*u + 65 + 47. What is the remainder when 478 is divided by w?
28
Suppose 2*n = 4*k - 12, 5*k - 16 = 4*n - 7. Suppose 15 = c + k*z, -4*c + 53 = z - 7. Suppose 0 = 2*m + 1 - 9. What is the remainder when c is divided by m?
3
Let x be (2/(-20)*-6)/((-12)/(-120)). Suppose -x*u - 50 = -8. What is the remainder when 18 is divided by ((-280)/12)/u*3?
8
Suppose -2*g + 8 = -166. Calculate the remainder when g is divided by (-1)/(-1)*(1 - -8).
6
Let g = -22 - -57. Suppose -11*m + 1388 - 1157 = 0. Calculate the remainder when g is divided by m.
14
Suppose -3*d - 483*j + 438 = -488*j, 2*d - 2*j = 288. Suppose 5*x + k = 5*k + 140, x + k = 19. What is the remainder when d is divided by x?
21
Let l(a) = 2*a**3 - 7*a**2 - 11*a + 21. Let r be l(7). Let b = r - 270. Suppose 0 = 6*u - 302 - 82. Calculate the remainder when u is divided by b.
13
Let l = -70 + -288. Let o = 451 + l. What is the remainder when 369 is divided by o?
90
Let i(z) be the first derivative of -z**2 + z + 2. Let m = 152 + -89. What is the remainder when m is divided by i(-6)?
11
Let h be (680/(-100))/(2/(-20)) + 1. Let i = h + -45. Calculate the remainder when i is divided by 20.
4
Let g(n) = -3*n**3 - 42*n**2 + 27*n + 28. What is the remainder when 310 is divided by g(-15)?
12
Let h(f) = 2*f**3 - f**2 + 57*f - 185. Suppose -5*a - 59 = -6*a. Calculate the remainder when a is divided by h(3).
28
Suppose z + 4*g - 87 = 0, 9*z + 3*g + 218 = 11*z. Suppose -21*q = -19*q - 26. Calculate the remainder when z is divided by q.
12
Suppose 3226 = -4*w - 2*j, -4 - 6 = 2*j. Suppose 0 = -12*r + 163 + 29. What is the remainder when 4/18 - w/27 is divided by r?
14
Suppose -31397 - 116777 - 107 = -161*c. Calculate the remainder when 2770 is divided by c.
7
Suppose 4*a + j - 27 = 1, 3*a - 10 = 2*j. Suppose -q = -4*q - 213. Let k = 104 + q. Calculate the remainder when k is divided by a.
3
Suppose -10 = -3*h + 4*v + 16, -3*h - v + 46 = 0. Suppose -h*d + 322 = 112. Calculate the remainder when d is divided by (-2)/(-3)*(6 - 0).
3
Let n(v) = -21*v + 98. Let f be n(5). Suppose 2*g - 4*g - 2*j = -44, 4*j = g - 12. Calculate the remainder when f + -1 + (-2535)/(-65) is divided by g.
11
Let f(y) be the first derivative of 7 + 7*y + 4*y**3 + 9*y**2 - 3*y**3 + 12 - y**2. Calculate the remainder when f(-6) is divided by 7.
5
Suppose 191*v - 189*v - 3*w = 44, -5*v + 41 = 4*w. Calculate the remainder when 1101 is divided by v.
9
Suppose 2*s = -v - 4 + 25, 2*v + 22 = 4*s. Suppose -3*b = k + 2*b - 63, -3*k - b + 189 = 0. Calculate the remainder when k is divided by s.
7
Let y(j) = 191*j - 449. What is the remainder when y(5) is divided by 506?
0
Let u = 3 + -21. Let d = u + 34. What is the remainder when d is divided by -12*(-1)/(-9)*-3?
0
Calculate the remainder when 17/221 - (-128758)/91 is divided by 174.
23
Calculate the remainder when (-6)/16 + (-88902)/(-144) is divided by 10.
7
Let r = 3271 - 3245. Calculate the remainder when 2624 is divided by r.
24
Suppose -45*q = -26*q - 551. Calculate the remainder when 87 is divided by q.
0
Let r(s) = s**3 + 39*s**2 + 40*s + 119. Calculate the remainder when 59 is divided by r(-38).
16
Let d = -1667 + 2062. Calculate the remainder when d is divided by 32.
11
Suppose 5*p - 3869 = 3*v, -5*v = -5*p + 3780 + 95. What is the remainder when p is divided by 5?
2
Suppose -2 - 3 = -o, 5*z